a
What is 15425 (base 7) in base 9?
5842
12 (base 7) to base 3
100
-343 (base 8) to base 14
-123
Convert -1202222 (base 3) to base 8.
-2417
Convert -112002 (base 3) to base 14.
-1d2
10a (base 13) to base 14
cb
What is 4a1 (base 12) in base 10?
697
-677 (base 9) to base 5
-4211
42a (base 16) to base 7
3052
Convert 112202 (base 3) to base 4.
12032
What is 1011000010 (base 2) in base 4?
23002
101010110111111 (base 2) to base 7
120666
Convert -25a4a (base 11) to base 3.
-1220000211
What is -2301 (base 7) in base 4?
-31002
What is -117 (base 8) in base 5?
-304
What is -2533 (base 7) in base 4?
-32323
-39a (base 12) to base 7
-1414
296 (base 11) to base 6
1335
What is -11000110000 (base 2) in base 5?
-22314
Convert 2665 (base 13) to base 14.
2003
What is -51050 (base 7) in base 5?
-344013
4344 (base 6) to base 14
516
Convert -11111211002 (base 3) to base 9.
-144732
What is dc (base 15) in base 4?
3033
-4d7 (base 15) to base 3
-1111211
1040 (base 8) to base 2
1000100000
What is 1605 (base 7) in base 12?
456
Convert 54 (base 6) to base 12.
2a
What is 10432 (base 7) in base 4?
220330
What is -d5d9 (base 14) in base 5?
-2134333
Convert -10111110 (base 2) to base 4.
-2332
-345 (base 14) to base 3
-220001
What is 1313 (base 4) in base 2?
1110111
Convert 83 (base 13) to base 4.
1223
24e (base 16) to base 12
412
Convert -193 (base 15) to base 6.
-1403
Convert 128d (base 16) to base 13.
2214
348 (base 11) to base 14
219
What is 925 (base 14) in base 6?
12153
Convert 30173 (base 8) to base 5.
344121
Convert 310113 (base 5) to base 4.
2130301
Convert 1642 (base 7) to base 2.
1010011011
Convert 816 (base 16) to base 12.
1246
2333032 (base 4) to base 5
342423
-2621 (base 11) to base 15
-1026
What is 134 (base 11) in base 15?
a8
What is 42314 (base 5) in base 16?
b12
-1010111001 (base 2) to base 10
-697
What is 23cc (base 14) in base 15?
1cc1
-320 (base 15) to base 13
-423
Convert 1211220 (base 3) to base 6.
10123
Convert -1362 (base 7) to base 10.
-534
Convert -3129 (base 13) to base 9.
-10280
-155160 (base 8) to base 16
-da70
Convert -b4b9 (base 12) to base 2.
-100110100001101
Convert 11113 (base 4) to base 13.
205
-31023 (base 4) to base 7
-2313
What is -15422 (base 13) in base 11?
-28271
Convert -232010 (base 5) to base 7.
-33301
14261 (base 7) to base 10
3914
What is -321233 (base 4) in base 2?
-111001101111
Convert 1010200 (base 3) to base 8.
1474
2401 (base 6) to base 11
485
What is 82cd (base 14) in base 11?
15a18
Convert -2225 (base 12) to base 8.
-7275
What is 1426 (base 8) in base 15?
37a
1371 (base 9) to base 5
13121
What is 1db (base 16) in base 11?
3a2
Convert -217 (base 13) to base 11.
-2a6
What is 576 (base 13) in base 9?
1256
What is -22133 (base 10) in base 9?
-33322
What is 11052 (base 6) in base 3?
2010012
-ba87 (base 12) to base 4
-11001013
Convert 5668 (base 13) to base 9.
17517
-76 (base 10) to base 14
-56
Convert 5043 (base 6) to base 7.
3141
What is 1300103 (base 4) in base 12?
41ab
Convert -271 (base 11) to base 6.
-1252
222222 (base 6) to base 3
221121012
What is 488 (base 16) in base 5?
14120
Convert 6ed (base 15) to base 11.
1200
-1313 (base 11) to base 6
-11524
What is -6207 (base 14) in base 3?
-212010120
Convert 1450 (base 9) to base 2.
10001001010
What is -28312 (base 11) in base 13?
-15466
-18404 (base 9) to base 2
-11000110110001
What is 5b1a (base 13) in base 2?
11001001000011
What is -2522 (base 12) in base 16?
-106a
What is 101110010 (base 2) in base 12?
26a
-13b1 (base 12) to base 13
-1075
What is 1a73 (base 12) in base 6?
23023
Convert 2724 (base 11) to base 9.
4757
What is -2723 (base 10) in base 7?
-10640
402 (base 8) to base 2
100000010
Convert -3421 (base 11) to base 5.
-121000
Convert -cb (base 15) to base 4.
-2333
-312 (base 8) to base 3
-21111
Convert -1480 (base 9) to base 7.
-3165
What is -1110000001 (base 2) in base 7?
-2421
Convert 2200202 (base 3) to base 13.
b81
What is 302102 (base 4) in base 8?
6222
101110010 (base 2) to base 4
11302
What is 868 (base 9) in base 11?
596
What is -4135 (base 7) in base 10?
-1447
What is -22013223 (base 4) in base 10?
-41451
Convert 2bc (base 14) to base 2.
1000101110
What is 201202 (base 3) in base 8?
1025
-20011123 (base 4) to base 9
-50374
-110201001 (base 3) to base 10
-9262
14ee (base 16) to base 10
5358
What is -d3b4 (base 14) in base 7?
-211114
Convert 3131 (base 5) to base 12.
2a8
-ba62 (base 14) to base 12
-1679a
5b0 (base 16) to base 9
1887
-111101000111111 (base 2) to base 6
-400515
-1002220021 (base 3) to base 6
-244524
-56060 (base 7) to base 16
-3719
What is -1355 (base 13) in base 5?
-42044
Convert -10010001110001 (base 2) to base 16.
-2471
Convert -7c95 (base 16) to base 15.
-96b3
Convert -13312320 (base 4) to base 5.
-2012214
38185 (base 9) to base 8
62111
1012012010 (base 3) to base 5
1222331
-518 (base 12) to base 15
-345
Convert 51242 (base 8) to base 2.
101001010100010
Convert -10101110 (base 2) to base 5.
-1144
2213 (base 10) to base 15
9c8
What is 1221102 (base 3) in base 7?
4061
460c (base 14) to base 4
2332010
What is -2165 (base 10) in base 12?
-1305
What is 20407 (base 11) in base 5?
1423043
Convert 201022001 (base 3) to base 15.
427d
Convert -72c (base 14) to base 9.
-1838
Convert -306 (base 14) to base 3.
-211000
Convert 43300 (base 8) to base 3.
220211211
Convert 4bb8 (base 15) to base 13.
7472
What is 3646 (base 13) in base 2?
1110111101111
What is -1011112 (base 3) in base 13?
-506
Convert 4602 (base 7) to base 5.
23133
20010222 (base 3) to base 9
6128
Convert 162a4 (base 13) to base 9.
63815
Convert -1410311 (base 5) to base 14.
-a715
Convert -70 (base 11) to base 9.
-85
6534 (base 11) to base 12
4bb0
Convert -12210 (base 13) to base 3.
-1200200120
-378 (base 15) to base 8
-1424
673 (base 14) to base 10
1277
Convert -1130232 (base 4) to base 3.
-22010210
2645 (base 7) to base 8
1765
Convert -63525 (base 7) to base 12.
-9103
What is -211121 (base 3) in base 12?
-42a
What is -1020121111 (base 3) in base 14?
-8d02
Convert 233 (base 7) to base 13.
95
3a4a (base 13) to base 11
62a5
What is 490 (base 14) in base 12?
63a
Convert 24cb (base 14) to base 7.
24544
Convert -3447 (base 9) to base 8.
-4772
What is 350 (base 11) in base 16?
1a2
414002 (base 5) to base 8
32473
Convert 25114 (base 11) to base 16.
8ce9
Convert -13202111 (base 4) to base 9.
-46308
Convert -8586 (base 16) to base 14.
-c658
What is 112220 (base 4) in base 13?
875
What is 3a33 (base 11) in base 7?
21163
-10001 (base 4) to base 14
-145
Convert 31013 (base 5) to base 9.
2671
Convert 10212010 (base 3) to base 11.
2126
Convert 338 (base 9) to base 12.
1b2
What is -12752 (base 8) in base 7?
-22233
What is 52 (base 13) in base 5?
232
-11011101101 (base 2) to base 3
-2102200
Convert -2002011211 (base 3) to base 2.
-1001111111111010
10311 (base 5) to base 7
2026
What is 2834 (base 9) in base 12?
12a1
23010 (base 7) to base 2
1011011001110
1481 (base 11) to base 6
12452
What is 54 (base 15) in base 4?
1033
30522 (base 9) to base 7
112424
What is 11232 (base 5) in base 10?
817
-1500 (base 6) to base 7
-1104
Convert 1001010011 (base 2) to base 14.
307
-4215 (base 8) to base 16
-88d
-8032 (base 12) to base 14
-50a2
What is 5960 (base 11) in base 7?
31525
What is 233a9 (base 11) in base 13?
12499
What is 15685 (base 11) in base 7?
121322
-2173 (base 16) to base 4
-2011303
What is c5e (base 15) in base 13?
1367
213 (base 11) to base 7
514
-3a0 (base 15) to base 4
-30321
What is 135066 (base 8) in base 12?
23706
What is 3432 (base 5) in base 14?
272
1012011 (base 3) to base 16
364
156 (base 12) to base 15
e0
What is 183d (base 14) in base 10?
4367
What is -220102 (base 3) in base 10?
-659
-e7 (base 15) to base 2
-11011001
What is 2063 (base 14) in base 13?
26cb
-232052 (base 6) to base 15
-5d6e
What is -7559 (base 12) in base 3?
-122200020
-726 (base 10) to base 9
-886
Convert 422 (base 9) to base 13.
206
-222205 (base 6) to base 12
-a965
-2168 (base 10) to base 8
-4170
c651 (base 13) to base 11
1968a
What is 330623 (base 7) in base 15?
12275
What is -3554 (base 7) in base 12?
-915
Convert a28 (base 11) to base 4.
103120
Convert -1113321 (base 4) to base 15.
-1a00
What is 149 (base 10) in base 12?
105
Convert -11421 (base 6) to base 9.
-2254
431425 (base 6) to base 5
2112434
3123003 (base 4) to